v - 15. Suppose 9*c - 10 = d*c. What is the remainder when c is divided by ((-15)/(-10))/(6/8)?
0
Suppose 5*u + 20 = 0, 2*s - 2*u + 67 = 5*s. Suppose 4 = -4*y + 4*w, -3*w + 9 = 5*y - w. Suppose -o + 8 = -y. What is the remainder when s is divided by o?
7
Let t = 1 + 2. Suppose -t*s - 10 = -4*s + 3*q, 3*s - 5*q = 22. Calculate the remainder when s is divided by 2.
0
Let q(k) = -2*k**3 - 2*k**2 - k - 2. Calculate the remainder when 145 is divided by q(-3).
34
Suppose -17 = 5*b + 38. Let t = -7 - b. Suppose c - 10 = -0*c. What is the remainder when c is divided by t?
2
Suppose -3 = -3*p + 6. Suppose 3*b = -3*o - 15 + 39, o - 20 = -5*b. Calculate the remainder when o is divided by p.
2
Let r(b) = 9*b**2 + 3*b + 3. Let y(s) = 3*s**2 + s + 1. Let f(m) = 6*r(m) - 17*y(m). Calculate the remainder when 31 is divided by f(-2).
9
Suppose 0 = -3*b + 2*d + 5, -76 = -5*b - 4*d - 31. Calculate the remainder when b is divided by 3.
2
Suppose -3*w - 149 = -5*j, -5*j + 135 + 8 = -w. Let v(m) = 2*m + 3. Let a be v(6). Let r = 0 + a. Calculate the remainder when j is divided by r.
13
Let v = 15 - 5. What is the remainder when 49 is divided by v?
9
Suppose -4*y + 17 + 15 = 0. Calculate the remainder when 21 is divided by y.
5
Suppose 0 = -4*p + 5*t + 412, -7*p + 4*p = -t - 309. What is the remainder when p is divided by 21?
19
Suppose 0 = l - 0 - 6. Calculate the remainder when ((-276)/(-14) - 4) + 4/14 is divided by l.
4
Suppose 0 = -5*f + 47 + 78. Suppose -3*o = -o + 2*m - 4, -40 = -5*o + m. What is the remainder when f is divided by o?
4
Let y(i) be the first derivative of -i**4/4 + 13*i**3/3 + 5*i**2/2 - 5*i + 3. What is the remainder when y(13) is divided by 21?
18
Let z = -6 - -5. Let t = -1 - -2. What is the remainder when -2*z*3/3 is divided by t?
0
Suppose 0*n + 180 = 5*n. Suppose -15 = -r + j, -4*r - 2*j - 3 = -51. What is the remainder when n is divided by r?
10
Let u = -46 + 75. Suppose 0 = -4*m + u + 103. Calculate the remainder when m is divided by 9.
6
Suppose -189 = -5*o + 2*o. Let u = -27 - -43. Calculate the remainder when o is divided by u.
15
Suppose -30 = -5*k + 2*k. What is the remainder when (-2)/(-4) - (-150)/4 is divided by k?
8
Suppose -w = 2*h + 29, 5*w = -3*h + 2*w - 42. Let j = h - -3. Let z = 11 - j. Calculate the remainder when z is divided by 12.
11
Let f(o) = -o + 315. Let x be f(0). Suppose j + x = -2*j. What is the remainder when (-1)/(2 + j/51) is divided by 9?
8
Suppose 10*v - 5*v + 525 = 0. Let c = 155 + v. Calculate the remainder when c is divided by 17.
16
Suppose -57 = -s - 2*m, -s - m - 124 = -3*s. Calculate the remainder when s is divided by 21.
19
Let r = 22 - 3. Let g = 0 + 30. Suppose -3*m + g = -0. Calculate the remainder when r is divided by m.
9
Let h = 27 + -10. Suppose 4*y + 4*m - 38 - 106 = 0, y - 48 = -5*m. What is the remainder when y is divided by h?
16
Suppose -4 = s + 1, 2*v + 5*s - 39 = 0. Calculate the remainder when v is divided by 17.
15
Suppose 4*c = -4*j + 60, -10*j + 85 = 4*c - 11*j. What is the remainder when 36 is divided by c?
16
Let z(w) = 34*w - 3. Let a(b) = -51*b + 4. Let o(u) = 5*a(u) + 7*z(u). Calculate the remainder when 61 is divided by o(-1).
13
Let t = 34 - 29. Suppose 3*p + 66 = t*p. Let a(f) = f**2 + 4*f + 5. Calculate the remainder when p is divided by a(-6).
16
Let a(p) = -p**3 - p**2 - 2*p - 3. Let m be a(-3). Suppose -2*y = m - 107. Calculate the remainder when y is divided by 15.
13
Suppose 3*a - 9 + 4 = 4*y, -2*y - 10 = 0. What is the remainder when (-7)/((3 + -2)/a) is divided by 18?
17
Let w be ((-3)/6)/((-2)/24). Suppose -8*m + w*m = -28. Calculate the remainder when 41 is divided by m.
13
Suppose -20 = -5*o + 5*u, -3*o - 3*u + 11 + 19 = 0. Suppose 0 = 5*v - 3 - 17. Calculate the remainder when o is divided by v.
3
Let r(y) = 2*y**2 + 4*y - 9. What is the remainder when r(-7) is divided by ((-14)/8)/((-11)/132)?
19
Let j(d) = 48*d - 3. What is the remainder when j(2) is divided by 48?
45
Suppose -q + 6*q = -110. Let z = q + 46. Calculate the remainder when 71 is divided by z.
23
Let i(f) = -2*f - 3 - 3 - 1. Let v(q) = q**2 + 7*q + 4. Let c be v(-5). What is the remainder when i(c) is divided by 3?
2
Let r(k) = -3*k - 2. Let l(x) = -x**3 - 9*x**2 - 7*x + 9. Let s be l(-7). What is the remainder when r(-3) is divided by ((-48)/s)/(2/5)?
1
Let a = 236 + -101. Let t(n) = n**2 - 5*n + 7. Let y be t(5). Suppose y = -4*z + a. Calculate the remainder when z is divided by 11.
10
Suppose s = 3*u - 9, -3*s - 5*u + 0*u = -1. Let d(r) = -r**3 - 7. Calculate the remainder when d(s) is divided by 7.
6
Let d be (2/(-3) - -1)*9. Suppose 0 = d*s - 5*s + 14. What is the remainder when 19 is divided by s?
5
Suppose 3*u + 0*u - 77 = 4*a, 67 = 3*u + a. Calculate the remainder when 89 is divided by u.
20
Let o = -1 - 43. Let y = o + 90. Suppose -46 = -5*s - 2*n + 30, -4*s + n = -66. What is the remainder when y is divided by s?
14
Let y = 6 + -6. Let r(n) = n + 3. Let z be r(y). Suppose 4*i = -z*c + 75, 4*c - 4*i - 73 = 27. What is the remainder when c is divided by 9?
7
Let h = -2 - -14. Let v = -8 + h. Let q(d) = d**3 - 2*d**2 - 4*d - 5. Calculate the remainder when 21 is divided by q(v).
10
Let l(x) = 11*x - 11. Calculate the remainder when 31 is divided by l(2).
9
What is the remainder when 50 is divided by ((-468)/36)/(0 + -1)?
11
Suppose -13 = -4*a - 5*n, 3*a - a = -3*n + 7. Suppose l - 6 = -2*l. Calculate the remainder when l is divided by a.
0
Let w be (-3 - -5) + 2 - 2. Suppose 4*z = w*z + 40. What is the remainder when 59 is divided by z?
19
Let o = -5 - -7. Suppose o*i = 2*k - 3*k + 4, 4*i - 5*k = 36. Suppose 4*z = -x + 144, z + 3*z - i*x = 124. What is the remainder when z is divided by 12?
11
Let u(j) = -134*j. Calculate the remainder when u(-2) is divided by 18.
16
Let m = 46 - 11. What is the remainder when m is divided by 12?
11
Suppose 3*j - 5*q = -107 + 339, 2*j = q + 143. Calculate the remainder when j is divided by 14.
13
Let i(x) = -x**2 + 11*x - 5. Calculate the remainder when 47 is divided by i(6).
22
Let k = 18 - 12. Let b = 4 - 4. Suppose b = 4*i - 53 - 11. What is the remainder when i is divided by k?
4
Let v = -80 - -98. What is the remainder when v is divided by 3?
0
Suppose -3*f - 13*f = -288. What is the remainder when f is divided by 4?
2
Suppose 0 = -4*t - 4*c + 172, t - 177 = -3*t - 5*c. What is the remainder when t is divided by 7?
3
Suppose 0 = -3*c - l + 114 - 23, -5*c + 5*l + 145 = 0. Calculate the remainder when 116 is divided by c.
26
Calculate the remainder when -28*(0 - 14/8) is divided by 13.
10
Let q = 38 - 11. Calculate the remainder when 78 is divided by q.
24
Suppose 4*y + 4 = 4*q, -q - 3*y + 7 = -y. Suppose -3*c = 3*c + 36. What is the remainder when q is divided by ((-2)/6)/(2/c)?
0
Let s = 94 + -63. Calculate the remainder when s is divided by 11.
9
Calculate the remainder when -1*((-3 - -2) + -24) is divided by 14.
11
Let u(q) = 3*q - 20. Calculate the remainder when 27 is divided by u(12).
11
Let m(k) = -k**2 + 10*k + 5. Suppose -2*x + 4*x - 26 = -2*a, 3*a - x - 59 = 0. What is the remainder when a is divided by m(10)?
3
Let z = 74 - 62. Calculate the remainder when 24 is divided by z.
0
Suppose 3*l = l - 4*c + 52, 2*l + c - 61 = 0. What is the remainder when 127 is divided by l?
31
Let x = 4 - 4. Suppose x*g - 5 = 3*g - d, 2*d = -g - 4. What is the remainder when 22 is divided by 3*(-4)/g - -2?
6
Let x(a) = a**3 - a**2 - a - 3. Let v be x(3). Suppose y + v = 4*y. Suppose -y*m + 3*m + 16 = 0. Calculate the remainder when 45 is divided by m.
13
Let h(u) = u + 10. Let k be h(-5). Suppose 0 = c - k*w + 12, -2*w = 3*c - 5*w. What is the remainder when 5 is divided by c?
2
Let y(q) be the third derivative of -q**6/120 + q**5/12 - q**4/12 - q**3/3 + 3*q**2. Calculate the remainder when 10 is divided by y(4).
4
Let z be (-23)/(-4) + (-3)/(-12). Suppose 0 = -c - 0*c + z. Suppose 58 = 4*k + 2*p, -3*k + 26 + 34 = -4*p. Calculate the remainder when k is divided by c.
4
Suppose 4*h - 3*h - 3 = 0. Let b be -21*(h/(-3))/3. Suppose -3*s = -2*s - b. What is the remainder when s is divided by 3?
1
Suppose 3*u + 177 = 6*u. Calculate the remainder when u is divided by 12.
11
Suppose -5*v = 22 - 57. Let a be (-107)/(-4) - (-5)/20. Suppose -5*y = -a - 38. Calculate 